 Determine i(-30).
10
Let l(a) = -10*a + 21. Determine l(2).
1
Let x(d) = -72*d - 1302. Give x(-18).
-6
Let w(l) = -l**2 + 70*l - 321. Determine w(0).
-321
Let a(f) = f**3 + 2*f**2 - 343*f - 327. Calculate a(18).
-21
Let b(r) = r**3 + r**2 + 6*r + 12. What is b(-4)?
-60
Let r(j) = -j**3 - 6*j**2 - 16*j. Calculate r(0).
0
Let y(f) = -6*f**3 + 174*f**2 - 6*f + 154. Give y(29).
-20
Let y(p) = p**2 + 493*p - 4526. Give y(9).
-8
Let v(b) = -15*b**2 - 1332*b + 249. What is v(-89)?
-18
Let y(j) = -10*j + 12. Determine y(18).
-168
Let z(x) = -54*x + 1319. What is z(25)?
-31
Let m(b) = 3*b**3 - 3*b**2 - 11*b - 5. Determine m(-2).
-19
Let k(y) = 2*y**3 + 102*y**2 - 105*y - 16. Calculate k(-52).
36
Let j(b) = 3*b**2 + 58*b - 18. Give j(-7).
-277
Let x(c) = c**2 + 290*c + 4838. Give x(-272).
-58
Let q(u) = 2*u**3 - 3*u + 555. Give q(0).
555
Let b(q) = 476*q + 1412. What is b(-3)?
-16
Let w(h) = -2*h**3 + 48*h**2 + 29*h + 62. Calculate w(25).
-463
Let q(j) = -232*j + 26. What is q(-2)?
490
Let o(z) = 6*z**2 + 78*z - 52. What is o(-16)?
236
Let f(c) = -20*c**2 + 13*c + 3. Determine f(-1).
-30
Let f(v) = 3*v**2 + 17*v + 54. Give f(-5).
44
Let w(t) = -43*t + 1508. What is w(35)?
3
Let f(r) = -r**3 - 17*r**2 - 29*r. Give f(-4).
-92
Let j(k) = -95*k + 97. Determine j(1).
2
Let g(o) = 282*o - 324. Give g(2).
240
Let h(f) = 737*f - 5887. Determine h(8).
9
Let u(l) = 95*l + 13220. Calculate u(-139).
15
Let v(w) = w**3 + w**2 - 168*w - 482. Give v(-3).
4
Let m(i) = 2*i**3 - 382*i**2 - 1166*i + 389. Give m(194).
1
Let g(s) = -177*s + 3445. Calculate g(19).
82
Let l(h) = -4*h**2 + 10*h + 628. Give l(-11).
34
Let v(y) = y**3 + 4*y**2 + 16*y - 22. Determine v(1).
-1
Let o(k) = 53*k - 170. What is o(4)?
42
Let z(m) = -6*m**3 - 223*m**2 - 35*m + 129. What is z(-37)?
55
Let n(x) = -406*x + 15. What is n(0)?
15
Let b(o) = o**2 - 24*o + 204. Determine b(13).
61
Let c(o) = o**3 + 22*o**2 + 115*o + 42. Calculate c(-7).
-28
Let r(h) = 2*h**2 - 13*h + 28. Give r(2).
10
Let z(l) = 446*l + 3126. Calculate z(-7).
4
Let y(b) = b**3 - 20*b**2 + 57*b - 83. Calculate y(17).
19
Let k(o) = 4*o**2 + 27*o + 144. Determine k(-5).
109
Let v(y) = -y**3 + 50*y + 22. Determine v(7).
29
Let z(q) = 64*q**2 + 276*q + 5. Give z(-4).
-75
Let c(m) = m**3 + 227*m**2 + 1751*m - 36. Calculate c(-8).
-28
Let a(m) = -26*m + 22. What is a(4)?
-82
Let x(v) = -86*v**2 + 5*v - 3. Calculate x(-2).
-357
Let r(q) = -9*q**3 + q**2 + 6*q + 1. Calculate r(4).
-535
Let f(p) = -p**3 + 40*p**2 + 129*p - 64. Give f(43).
-64
Let k(p) = p**3 - 66*p**2 - 207*p + 101. Calculate k(69).
101
Let s(u) = -7*u**3 + 701*u**2 - 102*u + 222. Determine s(100).
22
Let s(a) = -a**2 - a + 407. Give s(0).
407
Let w(m) = -29*m - 44. Calculate w(6).
-218
Let a(p) = -p**3 - 2*p**2 - 10*p - 8. Give a(-4).
64
Let t(k) = 3*k + 219. Calculate t(14).
261
Let k(w) = 41*w - 133. Determine k(2).
-51
Let h(f) = -f**2 - 24*f + 623. What is h(-41)?
-74
Let x(g) = g**3 + 30*g**2 + 5*g - 66. What is x(-30)?
-216
Let x(g) = -5*g - 28. What is x(-4)?
-8
Let g(c) = -86*c + 1430. What is g(19)?
-204
Let c(u) = -8364*u + 8. Determine c(0).
8
Let h(l) = -l**3 + 18*l**2 - 37*l - 32. Give h(15).
88
Let s(r) = -5*r**2 - 23*r + 78. Calculate s(2).
12
Let u(y) = 3*y**2 + 204*y - 37. Calculate u(-68).
-37
Let q(j) = j**2 - 315*j - 8525. Give q(-25).
-25
Let s(u) = -5*u**2 - 39*u - 21. What is s(-6)?
33
Let g(h) = h**2 - 14*h - 566. Determine g(-18).
10
Let v(l) = l**2 + 5*l + 23. Calculate v(6).
89
Let p(a) = -a**3 - 16*a**2 + 13*a - 412. What is p(-18)?
2
Let g(r) = 4*r**2 - 12*r + 36. What is g(-14)?
988
Let a(f) = -3*f + 102. Give a(35).
-3
Let i(a) = a**3 - 23*a**2 + 37*a + 48. Give i(20).
-412
Let c(u) = -3*u - 86. Give c(-12).
-50
Let v(b) = 59*b - 2743. Determine v(49).
148
Let h(r) = -17*r**2 - r - 15. Calculate h(-2).
-81
Let b(s) = -s**3 + 27*s**2 - 111*s + 10. Determine b(6).
100
Let m(q) = q**3 - 4*q**2 + 2*q + 138. What is m(-4)?
2
Let x(g) = 2*g**3 - 65*g**2 + 45*g - 410. Give x(32).
6
Let d(v) = v**2 - 86*v + 958. Calculate d(73).
9
Let z(v) = 50*v - 4897. Determine z(98).
3
Let b(z) = -z**3 - 251*z**2 + 497*z - 2268. What is b(-253)?
9
Let q(f) = f**2 + 114*f + 1879. Determine q(-20).
-1
Let p(w) = -w**3 - 13*w**2 - 37*w + 1. Determine p(-8).
-23
Let f(w) = -17*w - 717. Calculate f(-43).
14
Let m(c) = 22*c**2 - 613*c + 4180. Determine m(16).
4
Let t(o) = 106*o**2 + 1901*o + 62. Calculate t(-18).
188
Let g(n) = n**2 + 21*n + 36. What is g(-3)?
-18
Let r(z) = -9*z**3 - 882*z**2 + 23*z + 2254. Calculate r(-98).
0
Let v(u) = -14*u**2 + 2*u + 2. Determine v(3).
-118
Let a(i) = 13*i - 102. Give a(-26).
-440
Let y(t) = 2*t**2 + 391*t + 778. Determine y(-2).
4
Let z(g) = -15*g + 102. Give z(-8).
222
Let b(u) = -u**2 - 110*u - 726. Calculate b(-103).
-5
Let i(k) = -k**3 - 8*k**2 + 24*k + 129. What is i(-4)?
-31
Let u(r) = -1425*r - 7137. What is u(-5)?
-12
Let g(f) = f**3 - 73*f**2 - 223*f - 380. Give g(76).
0
Let d(g) = -g**3 - 76*g**2 - 138*g - 197. Give d(-74).
-937
Let v(z) = z**2 + 14*z - 101. Give v(-22).
75
Let q(z) = 151*z - 27490. Determine q(182).
-8
Let i(q) = 2*q**2 + 423*q + 4403. Determine i(-11).
-8
Let q(l) = -34*l + 39. Calculate q(7).
-199
Let o(t) = t**3 + 16*t**2 - 62*t - 4. Give o(-19).
91
Let k(s) = -20590*s + 20591. Calculate k(1).
1
Let c(u) = 8*u**2 - 23*u - 14. Calculate c(5).
71
Let p(j) = -610*j + 13431. Give p(22).
11
Let g(q) = 18383*q - 18389. What is g(1)?
-6
Let r(s) = -2*s**2 + 10*s - 9. Give r(4).
-1
Let b(l) = -2*l**2 + 693*l + 4931. Give b(-7).
-18
Let v(d) = -d**3 + 37*d**2 - 20*d - 529. Give v(36).
47
Let m(d) = d**3 + 5*d**2 - 1399*d + 17. Give m(35).
52
Let l(k) = k**3 + 23*k**2 - 140*k + 57. Calculate l(-28).
57
Let i(n) = -44*n - 2681. What is i(-62)?
47
Let g(i) = -i**3 + 5*i**2 + 5*i - 5. Determine g(-4).
119
Let r(x) = x**2 + 681*x + 38936. Calculate r(-63).
2
Let t(i) = 338*i**3 + 2*i**2 + 5*i + 5. Calculate t(-1).
-336
Let v(m) = m**2 - 601*m + 1789. What is v(3)?
-5
Let k(t) = 342*t - 179. What is k(1)?
163
Let k(f) = -f**3 + 17*f**2 - 43*f - 13. Calculate k(16).
-445
Let d(j) = 5*j**2 + 113*j - 341. What is d(3)?
43
Let w(a) = a**2 + 41*a - 1. Give w(-42).
41
Let n(y) = -52*y**3 - y**2 + 86*y + 173. Give n(-2).
413
Let n(a) = 3*a**2 - 341*a - 815. Determine n(116).
-3
Let z(r) = -r**2 + 5*r + 180. What is z(-9)?
54
Let f(s) = 33*s**2 + 30*s - 73. Determine f(2).
119
Let m(a) = -82*a + 2397. Give m(32).
-227
Let b(n) = 290*n - 735. What is b(3)?
135
Let w(v) = 135*v - 25. Give w(-3).
-430
Let i(n) = n**3 - 43*n**2 + 53*n - 471. Give i(42).
-9
Let h(r) = -4*r + 367. What is h(93)?
-5
Let b(t) = -2*t**2 - 2*t + 15. What is b(0)?
15
Let a(r) = r**3 + 46*r**2 + 380*r + 714. Determine a(-36).
-6
Let c(d) = d**2 - 53*d - 24. What is c(54)?
30
Let p(s) = s**3 + 12*s**2 + 6*s - 126. Calculate p(-11).
-71
Let j(l) = -165*l + 2637. Determine j(16).
-3
Let f(n) = 721*n - 728. What is f(1)?
-7
Let f(v) = v**3 + 3*v**2 - 14*v - 1. Calculate f(-7).
-99
Let i(p) = p**3 - 21*p**2 - 48*p + 36. Determine i(23).
-10
Let l(o) = 231*o**2 + o - 2. Give l(1).
230
Let u(w) = 2*w**2 + 7*w + 19. Calculate u(-7).
68
Let s(t) = -15*t**2 + 22*t + 67. Calculate s(3).
-2
Let z(y) = 36*y**2 + 9*y. Calculate z(-1).
27
Let o(c) = -13*c + 2. What is o(-1)?
15
Let p(s) = 3*s**3 + 39*s**2 + 9*s + 18. Calculate p(-13).
-99
Let a(d) = 248*d - 46109. Give a(186).
19
Let c(u) = 13*u - 523. Give c(37).
-42
Let p(u) = 5*u**2 + 105*u + 94. Give p(-20).
-6
Let k(c) = c - 12. Calculate k(-2).
-14
Let q(f) = 4*f**2 + 91*f + 42. Calculate q(-23).
65
Let p(g) = 3*g**3 + 206*g**2 - 70*g - 106. Give p(-69).
-37
Let a(z) = 22*z**2 - 162*z - 337. Give a(9).
-13
Let g(o) = 19*o**2 + 575*o + 577. What is g(-1)?
21
Let j(v) = -v**3 - 5*v**2 - 32*v - 130. Calculate j(-5).
30
Let n(t) = -85*t + 1990. Determine n(21).
205
Let g(j) = j**3 + 20*j**2 + 95*j - 13. What is g(-10)?
37
Let a(l) = 5*l - 413. Give a(87).
22
Let x(m) = m**3 + 11*m**2 - 44*m - 18. Calculate x(-14).
10
Let y(s) = 2*s**2 + 158*s + 300. Give y(-77).
-8
Let k(y) = -71*y - 1616. Give k(-25).
159
Let a(i) = -15*i**3 - 106*i**2 + 156*i + 1140. What is a(-7)?
-1
Let a(d) = -33*d - 5875. What is a(-178)?
-1
Let p(l) = -l**2 + 44*l - 456. Give p(17).
3
Let k(m) = 105*m - 1266. Give k(12).
-6
Let t(